prime factors of 598495023.
3, 7, 9499921
List the prime factors of 79201795.
5, 223, 251, 283
List the prime factors of 1190809421.
17, 193, 362941
What are the prime factors of 172211499?
3, 19134611
List the prime factors of 29119500.
2, 3, 5, 719
List the prime factors of 44359561.
67, 662083
What are the prime factors of 75911261?
1283, 59167
What are the prime factors of 17778409?
11, 349, 421
What are the prime factors of 17731205?
5, 3546241
List the prime factors of 595415707.
595415707
What are the prime factors of 41538903?
3, 7, 43, 157, 293
What are the prime factors of 33946456?
2, 4243307
List the prime factors of 304968904.
2, 38121113
What are the prime factors of 258960262?
2, 11, 37, 79, 4027
What are the prime factors of 67766614?
2, 67, 283, 1787
List the prime factors of 111828419.
139, 804521
What are the prime factors of 9198568?
2, 29, 31, 1279
List the prime factors of 68186034.
2, 3, 7, 41, 67, 197
List the prime factors of 491361672.
2, 3, 79, 259157
What are the prime factors of 40847698?
2, 647, 31567
What are the prime factors of 519935076?
2, 3, 19, 521, 1459
What are the prime factors of 62178790?
2, 5, 6217879
List the prime factors of 6973830.
2, 3, 5, 23, 1123
List the prime factors of 31050823.
17, 1826519
List the prime factors of 308355110.
2, 5, 7, 4405073
List the prime factors of 4009209330.
2, 3, 5, 7, 19091473
List the prime factors of 452655776.
2, 14145493
List the prime factors of 324983569.
541, 593, 1013
List the prime factors of 355834349.
13, 2999, 9127
What are the prime factors of 31080412?
2, 11, 706373
What are the prime factors of 50175346?
2, 13, 1929821
What are the prime factors of 29658244?
2, 7, 11, 96293
List the prime factors of 45174049.
17, 103, 25799
What are the prime factors of 100131503?
9839, 10177
What are the prime factors of 118518276?
2, 3, 19, 519817
What are the prime factors of 614978501?
521, 1180381
List the prime factors of 5166962.
2, 547, 4723
List the prime factors of 19435743.
3, 17, 127031
What are the prime factors of 313059598?
2, 156529799
List the prime factors of 330013027.
17, 37, 307, 1709
List the prime factors of 620592009.
3, 37, 5590919
What are the prime factors of 162532597?
17, 31, 308411
List the prime factors of 142326762.
2, 3, 59, 402053
List the prime factors of 3810294969.
3, 13, 97699871
List the prime factors of 224384529.
3, 101, 131, 5653
List the prime factors of 97594497.
3, 7, 11, 13, 23, 157
List the prime factors of 218663803.
281, 778163
List the prime factors of 2207374701.
3, 7, 29, 509, 7121
What are the prime factors of 1014618944?
2, 2089, 7589
What are the prime factors of 263168400?
2, 3, 5, 11, 19937
List the prime factors of 179545116.
2, 3, 2213, 6761
What are the prime factors of 1442228168?
2, 419, 430259
List the prime factors of 268539335.
5, 53707867
What are the prime factors of 7636309?
19, 29, 13859
List the prime factors of 1230761.
7, 193, 911
List the prime factors of 6599939426.
2, 3299969713
List the prime factors of 343825841.
14947, 23003
What are the prime factors of 770845247?
770845247
What are the prime factors of 158365434?
2, 3, 4679, 5641
List the prime factors of 108341420.
2, 5, 11, 19, 25919
What are the prime factors of 24145796?
2, 2437, 2477
What are the prime factors of 699465674?
2, 29, 12059753
What are the prime factors of 1011280440?
2, 3, 5, 8427337
List the prime factors of 841304218.
2, 1831, 229739
What are the prime factors of 207442443?
3, 13, 47, 113171
What are the prime factors of 1051815855?
3, 5, 2153, 32569
What are the prime factors of 602676157?
61, 9879937
List the prime factors of 4315939647.
3, 1438646549
What are the prime factors of 56254317?
3, 7, 59, 45403
List the prime factors of 528779756.
2, 269, 503, 977
What are the prime factors of 32487110?
2, 5, 37, 87803
List the prime factors of 1283732837.
41, 1129, 27733
What are the prime factors of 37387219?
37387219
List the prime factors of 2100075980.
2, 5, 281, 433, 863
What are the prime factors of 557746143?
3, 185915381
What are the prime factors of 74738752?
2, 11, 106163
List the prime factors of 1379672083.
521, 2648123
What are the prime factors of 44034238?
2, 29, 307, 2473
List the prime factors of 998582532.
2, 3, 349, 238439
List the prime factors of 246976195.
5, 577, 85607
What are the prime factors of 481949429?
13, 23, 337, 4783
What are the prime factors of 460613272?
2, 7, 23, 357619
List the prime factors of 179948382.
2, 3, 499, 60103
List the prime factors of 4376120151.
3, 13, 113, 487, 2039
List the prime factors of 110433312.
2, 3, 11, 3169
List the prime factors of 5841314704.
2, 19, 43, 283, 1579
What are the prime factors of 422170831?
422170831
What are the prime factors of 234779652?
2, 3, 37, 176261
List the prime factors of 222511597.
7, 11, 59, 6997
What are the prime factors of 2484018921?
3, 7489, 110563
List the prime factors of 125969945.
5, 25193989
List the prime factors of 68196980.
2, 5, 29, 307, 383
What are the prime factors of 1016429777?
11, 23, 4017509
What are the prime factors of 958616430?
2, 3, 5, 271, 117911
What are the prime factors of 1636085038?
2, 7, 116863217
What are the prime factors of 753450377?
19, 953, 41611
What are the prime factors of 2159843721?
3, 7, 102849701
List the prime factors of 729248132.
2, 2473, 73721
List the prime factors of 398087219.
59, 6747241
List the prime factors of 235252181.
71, 3313411
What are the prime factors of 965245031?
109, 211, 41969
What are the prime factors of 170452398?
2, 3, 71, 400123
What are the prime factors of 646070920?
2, 5, 11, 23, 63841
List the prime factors of 592909860.
2, 3, 5, 109, 90659
List the prime factors of 437375395.
5, 87475079
List the prime factors of 185418461.
185418461
What are the prime factors of 15760973?
15760973
What are the prime factors of 572044266?
2, 3, 197, 353, 457
What are the prime factors of 4046538743?
13, 47, 6622813
List the prime factors of 249659224.
2, 3019, 10337
List the prime factors of 30253472.
2, 17, 19, 2927
What are the prime factors of 418427094?
2, 3, 73, 955313
What are the prime factors of 34466870?
2, 5, 3446687
List the prime factors of 10965580.
2, 5, 349, 1571
What are the prime factors of 6845079949?
6845079949
What are the prime factors of 52103500?
2, 5, 104207
List the prime factors of 48047868.
2, 3, 11, 121333
What are the prime factors of 218264438?
2, 7, 19, 149, 5507
What are the prime factors of 754187540?
2, 5, 1543, 24439
What are the prime factors of 40772332?
2, 2593, 3931
What are the prime factors of 586372892?
2, 7, 37, 565997
What are the prime factors of 64844663?
13, 19, 83, 3163
What are the prime factors of 700569311?
13, 19, 2836313
List the prime factors of 419179153.
19051, 22003
List the prime factors of 344279772.
2, 3, 19, 97, 5189
What are the prime factors of 5946562?
2, 577, 5153
What are the prime factors of 3964843?
3964843
List the prime factors of 31211715.
3, 5, 79, 26339
List the prime factors of 399121999.
19, 21006421
What are the prime factors of 2846556188?
2, 7, 823, 123527
What are the prime factors of 125911862?
2, 1103, 57077
What are the prime factors of 2491605256?
2, 7, 44492951
What are the prime factors of 1943741332?
2, 13, 61, 47137
What are the prime factors of 1827444273?
3, 609148091
List the prime factors of 446667015.
3, 5, 23, 43, 30109
What are the prime factors of 75246534?
2, 3, 11, 419, 907
What are the prime factors of 99841836?
2, 3, 37, 224869
List the prime factors of 21345421.
17, 29, 1493
List the prime factors of 17609505.
3, 5, 1051, 1117
What are the prime factors of 431231018?
2, 31, 6955339
List the prime factors of 58978362.
2, 3, 443, 22189
What are the prime factors of 2832450387?
3, 13, 29, 2504377
What are the prime factors of 2526049175?
5, 13, 23, 89, 3797
What are the prime factors of 873793517?
37, 41, 576001
What are the prime factors of 58329364?
2, 509, 28649
What are the prime factors of 15871581?
3, 11, 160319
What are the prime factors of 605738256?
2, 3, 47, 268501
What are the prime factors of 184714592?
2, 421, 13711
List the prime factors of 898504052.
2, 224626013
What are the prime factors of 518570255?
5, 7, 41, 361373
List the prime factors of 2214757441.